atest common divisor of 72 and q.
8
Let c = -130 - -135. What is the highest common divisor of c and 10?
5
Let n = -108 + 138. Let j be 14/((8/(-30))/(-4)). What is the greatest common factor of n and j?
30
Suppose -12*d + 816 = 22*d. Calculate the greatest common factor of d and 156.
12
Let y be (-4225)/(-55) + (-5)/((-55)/2). Suppose 3*m + 0*z = -2*z + y, 2*z + 107 = 5*m. Calculate the highest common divisor of m and 161.
23
Suppose 6*n - 3842 = -1040. Let v = n + -212. What is the greatest common factor of v and 15?
15
Let m = -769 + 1606. Calculate the greatest common factor of 465 and m.
93
Let b = -463 + 507. Calculate the greatest common factor of 308 and b.
44
Let f = -305 + 620. Suppose f - 1530 = -9*c. What is the highest common factor of c and 54?
27
Let b(u) = -41*u**2 + u + 1. Let h be b(-1). Let d = 68 + h. What is the greatest common factor of 243 and d?
27
Suppose -160 + 205 = 3*d. What is the highest common divisor of d and 165?
15
Let d(x) = 21*x**2 - x - 2. Let n be d(3). Let i = n - 130. Suppose -q - 93*z + 30 = -89*z, 5*q - 5*z - 75 = 0. What is the highest common divisor of i and q?
18
Let l be 2/(-28) - (-24003)/2646. What is the highest common divisor of l and 9?
9
Let r = -36 - -27. Let d be (-216)/((r/4)/3). Calculate the greatest common divisor of 36 and d.
36
Suppose 0 = 3*l - 2*v - v - 201, 0 = -3*v - 9. Let p(b) = b**2 - 11*b - 52. Let j be p(15). What is the highest common divisor of j and l?
8
Suppose -3*h + a - 2*a = -197, 0 = -5*h + 4*a + 300. Let p(v) = v**2 + 7. Let k be p(-3). What is the greatest common divisor of k and h?
16
Suppose 5*v + 3 + 7 = 0. Let s be (-3)/2*2 + v. Let u = s + 25. Calculate the greatest common factor of u and 160.
20
Let x be -7 + 8 + -4 + -3 + 116. What is the highest common factor of 20 and x?
10
Let j(r) = -r**2 + 3*r - 2. Let m be j(4). Let h(i) = -i**2 - 7*i. Let d be h(m). Let o be d/15 - (-33)/5. What is the highest common divisor of o and 56?
7
Suppose 0 = h - 3 - 93. Calculate the greatest common divisor of h and 4224.
96
Let t = -7 - -17. Suppose -m - m = -t, 2*g - 4*m = -10. Suppose 2*j - g*w - 7 = 0, -5*w = 3*j - w - 68. What is the greatest common divisor of j and 32?
16
Let o be ((-2)/(-8))/((-1)/(-36)). Suppose 0*s - s = -o. Calculate the greatest common divisor of 2 and s.
1
Suppose 7*b = 491 - 106. What is the greatest common factor of b and 15?
5
Let u(c) = 14*c**2 - 13*c + 8. Let j be u(4). What is the highest common divisor of j and 240?
60
Let u be (4 + -4)/(-2*1). Suppose 4*r - 572 - 352 = u. Suppose -3*y = -9 - r. What is the highest common divisor of 10 and y?
10
Let p = 13 - 9. Suppose -w + 6 = -p*c, c + 9 = 4*w - 0*c. Calculate the greatest common factor of w and 16.
2
Let o(p) be the first derivative of 2*p**2 + 16*p - 7. Let s be o(3). Calculate the greatest common divisor of 308 and s.
28
Let q(d) = -d**3 + 13*d**2 - 6*d - 6. Let w be q(6). Suppose 8 = 2*z, 66 = 4*l + 4*z - 34. What is the highest common divisor of w and l?
21
Let m be (-12)/15 - (3 - (-74)/(-5)). Let s(r) = 51*r**3 - 2*r**2 - r. Let j be s(-1). Let f = -8 - j. Calculate the greatest common factor of f and m.
11
Let t = 24 - 22. Suppose 0 = -t*d - v + 57, d - 3*v = -2*v + 33. Calculate the greatest common factor of 6 and d.
6
Let j(h) = h**2 + 5*h - 2. Let s be j(-6). Let o = -3 - -7. Suppose -3*u + o*x + 330 = 0, s*u + 2*x + 61 = 501. What is the greatest common divisor of 10 and u?
10
Let c(d) = 2 - 18*d - 10*d - 35*d. Let k be (-12)/2 + ((-35)/(-7) - 1). Let x be c(k). What is the highest common divisor of 16 and x?
16
Suppose 2*h = -5*n - 4, 0 = -4*n + n + 2*h + 4. Suppose -u - 3*u + 72 = 3*g, n = -4*u - g + 64. Calculate the greatest common factor of u and 135.
15
Let p(a) = -a - 4. Suppose -3*q = 4*k + 9, -3*q + 6 = k - 2*k. Let r be 2 - (k - (-17 + 3)). Let t be p(r). Calculate the greatest common factor of 5 and t.
5
Suppose 2*w + 2*w + f = 25, -2*w - 2*f + 20 = 0. Suppose w*s = -2*l + 319, s + 4*l = 3*s - 118. Calculate the highest common factor of s and 9.
9
Let c be (7 + -9)*(-4)/(-2). Let j(l) = -2*l**3 - l - 6. Let t be j(c). What is the highest common factor of 18 and t?
18
Let l be (-6)/(-4)*(-3610)/(-19). Calculate the highest common divisor of 15 and l.
15
Let d(j) = j - 6. Suppose -3*l + 36 = 9. Let r be d(l). Suppose 0 = -4*q + r*q + 22. What is the highest common divisor of q and 55?
11
Let g = 80 - 8. Let h be (-1)/2 - (-3)/(6/25). Let j be (4/3 - 6/(-9))*h. What is the highest common factor of j and g?
24
Let x = 1533 - 1245. Calculate the highest common factor of x and 32.
32
Let z be (-21)/(-2)*8/12. Let p = 6 + z. What is the highest common factor of 13 and p?
13
Let r = -33 - -32. Let f(j) = 8*j**2 + 4*j + 1. Let d be f(r). Calculate the highest common divisor of d and 1.
1
Suppose -3*x = -c - 107, -4*c + 31 = -4*x + 179. Calculate the highest common divisor of 595 and x.
35
Let u = -116 + 1232. Calculate the greatest common divisor of 93 and u.
93
Let y(d) = 13*d**3 - 3*d**2 - 3*d + 6. Let n be y(1). Calculate the greatest common factor of 416 and n.
13
Let j(v) = -68*v - 120. Let z be j(-6). What is the greatest common divisor of z and 27?
9
Suppose -3*o + 12 = -3. Let p = 15 - o. What is the highest common factor of 10 and p?
10
Suppose 2*g - z - 2 = z, g + 3 = 3*z. Suppose t = -3*f + 14 + 18, g*t - 96 = 2*f. What is the highest common divisor of t and 4?
4
Let a be (21/(-140)*-15)/((-6)/(-416)). What is the greatest common factor of 24 and a?
12
Let n(q) = q**2 - 7*q + 3. Suppose -5*w + 3*w = -12. Let s be n(w). Let f be ((-27)/(-4))/(s/(-24)). What is the greatest common divisor of f and 9?
9
Let u(c) = -3*c + 3. Let i be u(-3). Suppose 90 = -59*x + 62*x. What is the highest common divisor of i and x?
6
Suppose 13*x - 156 = 16*x. Let h = 101 + x. Calculate the highest common factor of h and 7.
7
Let o(n) = -6*n + 123. Let q be o(18). Calculate the greatest common factor of 435 and q.
15
Let j = 13 + 7. Suppose 0 = -34*i + 23*i + 110. What is the highest common divisor of i and j?
10
Let h(v) = 3*v + 8. Let q be h(8). Let i(x) = -x + 4 + x - 6*x + x**2. Let j be i(6). What is the greatest common divisor of j and q?
4
Suppose -5*h - 4*m = -58, h - 2 = m + 6. Let i be (-1 - 7)*(-1 + -1). Suppose i + 14 = a. What is the greatest common divisor of h and a?
10
Let x = 532 + -157. Calculate the greatest common factor of x and 15.
15
Let l be ((-28)/12)/(7 + 1644/(-234)). Calculate the highest common divisor of 13 and l.
13
Suppose -u = -4*z + 8, -4*u + 9*z + 1 = 4*z. Let y(q) = -36*q + q**2 + 0 + 2 + 3*q**2. Let b be y(9). What is the greatest common divisor of u and b?
2
Let p be 2*6/8*8. Suppose 27 = -7*y + 4*y. Let i = y + p. Calculate the greatest common divisor of i and 6.
3
Let a(y) = 3*y**2 - 8*y + 3. Let m be a(6). Calculate the greatest common divisor of m and 9.
9
Let c = -32 - -29. Let v = 25 - c. What is the highest common divisor of v and 42?
14
Suppose -5*l - 84 = -2*q - 224, 5*l = -4*q + 170. Suppose -24*f = -27*f + l. What is the greatest common factor of 4 and f?
2
Suppose 0 = 8*k + 389 - 533. What is the highest common factor of 522 and k?
18
Suppose -90 = -s + 56. Let u = s - 90. Suppose -3*l + 6*l = 42. What is the highest common factor of u and l?
14
Let y = -328 + 370. Calculate the greatest common divisor of y and 63.
21
Let g(j) = -j**2 - 16*j + 4. Let d = -19 + 7. Let t be g(d). Suppose -5*z + 40 = 4*s, -5*s + t = -4*z + 2. What is the highest common divisor of s and 20?
10
Let h be (130/110 - 4/22)*34. Let s = h - 27. What is the greatest common divisor of s and 21?
7
Let q(p) = 9*p**2 + 145*p. Let v be q(-17). What is the greatest common divisor of v and 374?
34
Suppose h + 2*k = -182, -5*h + 54 - 939 = 5*k. Let b = 263 + h. Let n = 17 + -4. What is the highest common factor of n and b?
13
Suppose i + r + 4*r + 3 = 0, 2*r - 24 = -4*i. Let w(f) = -f**3 + 7*f**2 - f + 18. Let u be w(i). Calculate the greatest common divisor of u and 121.
11
Let k be -112*1/(-6)*459/102. Calculate the greatest common divisor of k and 224.
28
Let y(s) = -s**3 + 8*s**2 - 14*s + 7. Let v be y(-4). What is the greatest common factor of v and 68?
17
Let t(z) = -2*z**3 + 2*z**2 + z. Let i be t(-1). Suppose -22 = -i*n - 1. Calculate the highest common diviso